n**5/60 + n**4/12 + n**3/2 + n**2. What is q(r)?
0
Let j(o) be the third derivative of o**6/120 + o**5/20 - o**4/12 + 8*o**2. Let q be j(-3). Let l(c) = c**2 - 4*c - 5. Give l(q).
7
Let j(f) be the third derivative of f**4/24 + 5*f**3/3 - 66*f**2. What is j(-7)?
3
Let t(u) = u**3 - 5*u**2 - u + 3. Let v be t(5). Let p(j) = 3*j**2 + 3*j. Give p(v).
6
Suppose h = -2*z - 2 - 0, -2*z - 2*h - 6 = 0. Suppose 0 = -5*n + 20. Let o(k) = -2*k - n*k + 3*k. Determine o(z).
-3
Let t be 48/21 + 4/(-14). Let x be (1/2)/(2/16). Suppose x*a - t + 10 = 0. Let f(n) = -n**2 - 3*n - 3. Determine f(a).
-1
Suppose 4*a = -v - 11 + 2, 4*v = 2*a. Let j(f) be the first derivative of -1 + 1/2*f**2 + 1/3*f**3 - 2*f. Determine j(a).
0
Suppose -2*l = -3*c - 2 + 13, 4*c = -l. Let n(r) be the second derivative of 7*r**5/20 - r**3/3 + r**2/2 - 4*r. Give n(c).
6
Let v(w) = w**3 + w**2 + w + 2. Let u(y) = y**2 - 18*y + 11. Let s be u(17). Let g be s/(-9) + (-8)/3. Calculate v(g).
-4
Let f(y) = -3*y + y**3 + 1 + 9*y**2 + 4*y**2 - 2*y**3 - 10*y**2. Calculate f(3).
-8
Let x(u) = u**3 + 6*u**2 + u + 6. Suppose t + 38 = -4*z, z = -3*t + 2*t - 29. Let g be 2/4 + t/4. What is x(g)?
0
Let c(t) = 5*t. Suppose 16*y = 19*y - 6. Determine c(y).
10
Let k(g) = -g**3 + 5*g**2 + 2*g. Let l be k(5). Suppose t = -t - l. Let n(h) be the second derivative of h**5/20 + h**4/2 + 5*h**3/6 + h**2 + h. Determine n(t).
2
Let m = 10 - 0. Let w = 6 - m. Let g(a) be the second derivative of -a**5/20 - 5*a**4/12 - 2*a**3/3 + a. What is g(w)?
0
Suppose -2*w = w - 3*b - 3, 1 = 4*w - 3*b. Let d(t) = 2*t**2 + 4*t + 3. Let p be d(w). Let g be 2*(4 + (-9)/p). Let s(a) = -a - 2. Calculate s(g).
-4
Let u(p) = p + 14. Let b be u(-7). Let o(m) = m - 10. Determine o(b).
-3
Let j(p) = 0*p**2 - 3*p**2 - 3*p**2. Suppose 5*k = 3*k + 8. Let m = -5 + k. Calculate j(m).
-6
Let r(a) = a**3 - 4*a**2 + 3*a - 6. Let s be (-5 - -7) + -2 + 0. Let v be 6*((-4)/(-6) + s). Give r(v).
6
Let a(y) = 13*y**2 - y. Let r(x) = -12*x**2 + x. Let o(h) = 5*a(h) + 4*r(h). Give o(1).
16
Let j(o) = o**3 - 3*o**2 - 2*o - 3. Let z be (6/(-4))/(10/(-20)). What is j(z)?
-9
Let r(l) = -l + 11. Let s be r(10). Let y(n) = 5*n**3 + n**2 - 2*n + 1. Calculate y(s).
5
Let h(g) be the second derivative of g**7/840 + g**6/72 - g**5/20 - 3*g**4/8 + g**3/2 - 4*g. Let o(w) be the second derivative of h(w). Determine o(-6).
-9
Let h(q) = q**3 - q. Let k = -19 - -17. Determine h(k).
-6
Let n(w) be the first derivative of -2*w**3/3 + 2*w**2 - 2*w - 5. Determine n(2).
-2
Suppose -g - 14 = -3*x - x, 17 = -4*g + 3*x. Let t(w) = -w**3 - w**2. Let h be t(g). Let i(d) = 0 + 3 + d + h*d - 5*d**2 + d**3 + 1. Calculate i(4).
8
Let z(d) = d**2 + 4*d + 1. Suppose -4*y = 14 + 6. Give z(y).
6
Suppose -6 + 46 = -5*r + 4*m, 0 = -4*m + 20. Let f(h) = h**3 + 3*h**2 - h + 4. What is f(r)?
-8
Let u be 27/4 - 2 - (-4)/16. Let j(f) = f**3 - 6*f**2 + 3*f + 7. Determine j(u).
-3
Let i(l) be the third derivative of -l**9/60480 + l**8/10080 + l**7/2520 - l**6/240 + l**5/20 + 3*l**2. Let c(d) be the third derivative of i(d). What is c(3)?
-6
Let c(x) = -x**3 + x**2 - 2*x - 1. Let l = 6 + -5. Suppose -9 = -5*n + l. What is c(n)?
-9
Let s(c) = 11*c**2 - 6 + 21*c + c**3 + 15*c - 27*c. What is s(-10)?
4
Let s(g) be the second derivative of g**3/2 - 3*g**2/2 + 9*g. Let b = 0 - -3. Calculate s(b).
6
Let q = -8 + 15. Suppose q = -w + 4. Let t(o) = 3*o**3 - o**2 + o + 2. Let b(z) = -8*z**3 + 3*z**2 - 4*z - 6. Let l(m) = 4*b(m) + 11*t(m). What is l(w)?
-5
Let t be 5/((-6)/(72/(-10))). Let b(r) = -2*r + 1. Give b(t).
-11
Let o(c) = -3 + 5*c - 3*c + c**2 - 10*c. Determine o(9).
6
Let t(u) be the second derivative of u**5/12 + u**4/12 + u**3/6 + u**2/2 + 4*u. Let h(s) be the first derivative of t(s). Determine h(-1).
4
Let u(p) be the third derivative of p**6/120 + p**5/60 + p**4/24 + 17*p**3/6 + 23*p**2. What is u(0)?
17
Let r(h) = h**2 - 4*h + 2. Suppose 3*o = 2*y + 2, 2 = -3*y + o + 6. Let u(k) = -3*k + 5 + 2*k**2 - 2*k**y + k**2 - 11. Let j be u(5). Calculate r(j).
2
Let h(k) be the second derivative of -3*k**5/5 + k**4/6 + k**3/6 + k. Let r be -1*(1/(-4) - 10/(-8)). Calculate h(r).
13
Suppose v = -2*v + 12. Suppose -3*g + 11 - 1 = -2*c, -v*g + 5 = -c. Let a(z) = z**3 + 5*z**2 + z + 5. Give a(c).
0
Suppose 4*d = -d + 10. Suppose -16 = -5*h + 4*p - 1, 3*p = -d*h + 6. Suppose 4*i = h*i + 5. Let x(c) = -c - 2. Calculate x(i).
-7
Suppose -28 = -5*x + 2. Suppose 0 = 3*f + 2*d - 2, -d + x*d = -5*f - 5. Suppose -3*r = c - 12, f*c = -0*r + 2*r - 22. Let z(w) = -w - 4. Calculate z(c).
-1
Let g(t) = 10*t**3 + 2*t**2 + 2*t. Let o(j) = 19*j**3 + 3*j**2 + 3*j. Let i(x) = 5*g(x) - 3*o(x). Suppose -z - 2 = z. Determine i(z).
7
Let y be ((-1)/2)/((-1)/(-2)). Let n(f) = f**2 - 4*f - 5. Let m be n(5). Let b(t) = m*t + t + 2*t - 2*t. Determine b(y).
-1
Suppose 0*u + 55 = -5*u. Let z = u + 9. Let x(s) be the second derivative of -2*s**3/3 + s. Determine x(z).
8
Suppose -7*z - 2 = -8*z. Suppose -3*m - 19 = -2*w, m + 14 = -z*m + w. Let i(f) = -f - 3. Calculate i(m).
0
Let c(m) = -m**3 + 2*m**2 + 3*m + 3. Let o be c(3). Let b(n) = -2 + n**o + 4*n + 0*n**2 - 2*n + n - 3*n**2. What is b(2)?
0
Let o(z) be the second derivative of 0 + 0*z**2 + 7/12*z**4 + 2*z + 0*z**3. Determine o(1).
7
Let s(y) = -y**3 - y**2 - 21. Let t be (5/(-15)*0)/2. Calculate s(t).
-21
Suppose 34 = 3*o - 5*h, -2*h - 13 = -3*o + 6. Let t(s) = 3*s - 4. What is t(o)?
5
Let g(p) be the first derivative of p + 1 + p**3 + 1/2*p**2. Let u be g(-1). Let h(l) = 2*l**2 - 5*l + 3. Determine h(u).
6
Let d = 10 + -7. Suppose 0 = 4*c + d + 5. Let y(m) = -3*m**2 - 3*m - 3. Give y(c).
-9
Let b(a) = a**3 - 6*a**2 + 5*a - 4. Let k(t) = 5 - 2 + 2 - t - t**2. Let r = 0 + 0. Let z be k(r). Give b(z).
-4
Let g(j) = 8*j**2 + 3*j. Let w be g(-1). Let m(v) = v - 4. Determine m(w).
1
Let i(k) = k - 1. Let p(m) = 3*m + 9. Let b(r) = -2*i(r) + p(r). Suppose 0*q = 2*q + 10. Determine b(q).
6
Let v be 51/(-9) - (-14)/21. Let z(i) = i**3 + 5*i**2 - 2*i + 2. What is z(v)?
12
Let k(x) = -3*x - 2*x + 1 + 0 + 4 - x**2. Determine k(-5).
5
Let s(g) = 12*g - 5*g - 3*g. What is s(1)?
4
Let n(k) = -k**2 - 15*k - 4. Let i(j) = -3*j - 1. Let a(r) = 11*i(r) - 2*n(r). Let h be -2 - (-3 - -2 - 4). What is a(h)?
6
Let y(f) = -f**2 + 6*f - 1. Let x = 7 - -1. Calculate y(x).
-17
Let t(v) = v**2 - 5*v - 3. Let f(u) = -u + 6. Let z be f(0). Suppose z*s + 44 = 2*s. Let k be 1/(3 - s/(-4)). Determine t(k).
-7
Let i(z) = -z**3 - 5*z**2 + 6*z + 2. Let f be (-6 - (2 - 3)) + -1. Let d be i(f). Let l(r) = 2*r + 2 + 4*r - 4. What is l(d)?
10
Let p(f) = 8*f**3 - 2*f**2 - 2*f - 1. Let w(i) be the third derivative of i**6/120 - i**5/10 + i**4/6 + 2*i**3/3 - 4*i**2. Let y be w(5). Calculate p(y).
-9
Let d(z) be the first derivative of -z**5/60 + z**4/12 + z**3/3 + z**2/2 + 2. Let j(v) be the second derivative of d(v). Let u = -3 + 6. Determine j(u).
-1
Let g(k) be the second derivative of k**5/20 - k**4/2 - 7*k**3/6 - 2*k**2 + 9*k. Determine g(7).
-4
Let v(x) = -6*x + 4. Let p(i) = 7*i - 5. Let g(t) = 2*p(t) + 3*v(t). Let h(z) = -z**2 - 5*z + 7. Let b be h(-6). Suppose -k = -b - 1. Calculate g(k).
-6
Let v(a) = a. Let r(t) = -t + 1. Let z(m) = -3*r(m) - 4*v(m). What is z(6)?
-9
Let c = -9 + 5. Let f(r) = 4*r + 5 + 0*r**2 + r**2 + 0. Calculate f(c).
5
Let t(i) = -i**3 + i**2 + i - 6. Suppose 2*x = -2*x. Let b = x - 0. What is t(b)?
-6
Let d = -208 - -208. Let v(j) = -j + 7. Determine v(d).
7
Let h(m) = -9*m**2 - m. Let d be 4 + 1/((-5)/25). Give h(d).
-8
Let w(a) = a + 15. Suppose -16*v = -15*v. Determine w(v).
15
Let z(s) be the first derivative of -s**5/20 - s**4/6 + 2*s**3/3 + 3*s**2/2 + 3*s - 6. Let t(a) be the first derivative of z(a). What is t(-3)?
0
Let b(c) = -4*c**3 - 3*c**2 - 4*c + 5. Let o(d) = 5*d**3 + 2*d**2 + 3*d - 6. Let p(q) = 4*b(q) + 3*o(q). Give p(-5).
12
Let x(a) = a + 12. Let q be (-2 + 6/9)*45/6. Determine x(q).
2
Let d = 9 - 11. Let i(m) = -m**2 - 8*m - 3. Let w be i(-5). Let x(y) = 8*y + 22. Let c(l) = -3*l - 9. Let u(o) = w*c(o) + 5*x(o). Give u(d).
-6
Let z(j) = 6*j**2 - j - 1. Suppose 5 = -2*t - 2*c - 7, 0 = -3*c + 12. Let n(q) = -q - 11. Let r be n(t). Give z(r).
6
Let y(f) = -2*f**3 - 4*f**2 - 4*f - 2. Let i(t) = 0 + t + 0 + 1. Let r be i(-3). Calculate y(r).
6
Let z = -3 + 2. Le